Let k be r(c). Let w(d) = d + 15. Let s(p) = k*o(p) + w(p). What is s(0)?
12
Suppose -4*p = -5*y + 5, -y - 6 = 3*p + 12. Let s(c) = c**3 + 4*c**2 - 3*c - 6. Give s(y).
12
Let j(a) be the second derivative of -42*a + 0 + 0*a**2 + 17/6*a**3. Calculate j(-1).
-17
Let v(q) = 4*q**2 + 15*q + 3. Let s(j) = -3*j**2 - 10*j - 2. Let k(p) = -7*s(p) - 5*v(p). Suppose 0 = 5*w + o - 35, 3*w + 3*o = 41 - 8. Calculate k(w).
5
Suppose 23*c - 31*c + 888 = 0. Suppose -26*u + 71 = -c. Let z(h) = -4*h + 5. Give z(u).
-23
Let h(a) be the first derivative of -a**4/4 - 2*a**3/3 - a**2/2 + 2*a - 6. Let y = -7 + 12. Suppose 4*i + y*w = 33, 29 = i + i + 5*w. Determine h(i).
-16
Let s(o) = -o**3 + 6*o**2 + 7*o - 9. Let p be (-2574)/(-6) - (-6 - -3). Let f = -425 + p. Calculate s(f).
-9
Let i(a) be the third derivative of 41*a**5/20 - a**4/24 - a**3/6 + 323*a**2. Determine i(-1).
123
Let t(v) = -5*v**3 - 11*v**2 + 3*v - 5. Let o(w) = 21*w**3 + 44*w**2 - 11*w + 22. Let u(f) = 6*o(f) + 25*t(f). What is u(11)?
106
Let f(w) = 2*w**3 - 48*w**2 - 95*w - 249. Let c be f(26). Let i(v) = -v + 23. Determine i(c).
38
Let f be 24/11 + (-6)/33. Let h(v) = -8*v**3 + 16*v**3 + 0*v**2 + f*v**2 - 1. Let x be (-2)/(20/(-8)*(-8)/(-10)). Give h(x).
9
Let t(a) be the third derivative of 5*a**2 + 0*a + 0 + 2/3*a**3 + 1/4*a**4. Calculate t(-3).
-14
Let g(u) = -u**3 - 84*u**2 + 1049*u + 388. Let m be g(-95). Let i(n) = 0 + 1 + 0*n - 3*n. Give i(m).
-23
Let i(w) = 124*w**2 - 3 + 127*w**2 - 255*w**2 + w - 10*w + 3*w**3 - 4*w**3 + 8*w. Suppose 0 = 3*r - 4*r - 4. Determine i(r).
1
Let q(l) = -l**2 - 1. Let x be (-1)/(-9) + (-5137)/(-99). Let i = x + -53. Give q(i).
-2
Let m be (-1848)/360 + -2 + (-96)/(-45). Let s be -18*(1 - 8/6). Let p(c) = -12*c - s - 10*c + 18*c. What is p(m)?
14
Let q(r) be the first derivative of -37*r**2/2 - 201*r - 7161. What is q(-6)?
21
Let u = 69 - 67. Suppose 0 = -2*h + 5*w + 29, 6*h - u*h = 2*w + 50. Let b be -12 + h - (-4)/1. Let z(p) = -p**2 + 4*p + 3. What is z(b)?
3
Let y(n) = -2*n**3 + 7*n**2 - 10*n + 7. Let m(h) = -73*h - 75*h + h**3 + 1 - 2 + 149*h. Let f(v) = -3*m(v) - y(v). What is f(-8)?
4
Let r(h) = -5684 - 5667 - 3*h + h**2 + 11355. What is r(2)?
2
Let d be (-2)/(-5)*(-83 + 88). Let v(y) = 29*y - 9. What is v(d)?
49
Let k(g) = -4*g + 1. Let i = 71 - 71. Suppose -2*u = 2*t - 8, i = 3*u + 7*t - 2*t - 12. What is k(u)?
-15
Suppose -s = -0*s - 4*b - 12, -5*b + 5 = 0. Let o(g) = s*g**2 + 7*g**2 + 5*g - 4 - 21*g**2. Calculate o(-4).
8
Suppose -3*c = 5*m + 4442, 19*m + 3560 = 15*m - 4*c. Let v = m - -887. Let d(a) = 19*a - 2. What is d(v)?
17
Let v(o) be the first derivative of -17*o**2/2 - o - 2212. Suppose -5*w = -1 - 4. Calculate v(w).
-18
Let n(s) = -2*s + 4. Let j(w) = w**2 + w + 8. Let f be j(0). Suppose i - f*i = 0. Suppose -x + 5 + 0 = i. Calculate n(x).
-6
Let i(l) = 2*l**2 - 41*l + 46. Let w(x) = 9*x**2 - 164*x - 114. Let k be w(19). Give i(k).
-11
Let l(f) be the second derivative of f**4/12 + 7*f**3/2 + f**2/2 - 3079*f. What is l(-8)?
-103
Suppose 32*s = 77*s + 585. Let k(z) = -z**2 - 14*z - 9. What is k(s)?
4
Let d(w) = -4*w**2 + 61*w - 14. Suppose 14*q + 22*q - 540 = 0. Give d(q).
1
Let s be -2 - (10*-1 - -4). Suppose 0 = s*g + 2*x - 138, -2*g + 210 = 3*g - 5*x. Let b(i) = -6 - g*i + 24*i + 15*i - i**2. What is b(4)?
-14
Let o(q) = 28*q - 19. Let a be o(0). Let f = a + 24. Let j(l) be the second derivative of l**3/6 - l**2 - l. What is j(f)?
3
Let o be -7*5/(-35)*-180. Let u = o - -177. Let v(s) be the first derivative of -2*s**2 - 2*s - 1. Calculate v(u).
10
Let k(z) = z. Let l(r) = 3*r + 5. Suppose 4 = 2*q + 3*f, -q + 6*f - 8 = 5*f. Let n be l(q). What is k(n)?
-7
Let g(d) = -d**2 - 3. Suppose 1875 = -20*b + 375. Let i = 75 + b. Give g(i).
-3
Let u(r) be the first derivative of r**4/4 + r**3/3 - 19*r**2/2 - 8*r - 859. Calculate u(4).
-4
Let i(j) = -3*j + 35. Suppose f + 165*b - 15 = 170*b, 5*b - 45 = -2*f. Calculate i(f).
-25
Let l(v) = 233*v + 3499. Let x be l(-15). Let w(y) = y**2 - 6*y + 16. Determine w(x).
8
Let w(n) = n - 3*n**2 - 10 + 5*n + 15 + n**3. Let x(r) = -r**3 + r**2 - 6*r - 5. Let m(q) = -4*w(q) - 5*x(q). Calculate m(-6).
5
Suppose 3*o + 27 = -5*l + 7*l, 0 = 4*l + 4*o - 64. Suppose -u - 6 = -l. Let p(x) = -5*x + x**2 + x + 12 - 7*x. Calculate p(u).
-6
Let h(u) = -u + 8. Suppose -3*s + 12 = 3*t, 4*t + 0 = -s + 10. Suppose w - 3*w = -i - t, w = -2*i + 21. Give h(i).
0
Suppose 250*l - 354*l - 117 = 715. Let d(f) = -19*f - 151. What is d(l)?
1
Let f(a) = 4*a**2 + 4*a + 3. Let z be -3 + 7/(35/5). Let c be f(z). Let o(s) = s**3 - 10*s**2 - 10*s - 12. Determine o(c).
-1
Let z(f) = f**2 - 12*f + 5. Let i(p) = -35*p - 38. Let r be i(-6). Suppose r + 8 = -6*w. Let v = 41 + w. Give z(v).
-6
Let u(k) = 2*k**3 + 29*k**2 + 11*k - 41. Let d be u(-14). Let y(g) = 0*g - 2*g - 2*g + d - 3*g + g**2. Determine y(5).
-9
Let d(r) = -2*r + 4. Suppose -5*f + 7*f - 114 = 0. Let q = f + -49. Calculate d(q).
-12
Suppose -8*y + 9*y - 15 = 3*o, -5*y + 4*o + 42 = 0. Let b be 7 + (-3 - (3 - 6)). Let d(m) = -3 + 52*m**2 - 1 - 53*m**2 + b*m. Calculate d(y).
2
Let v(t) = 12*t + 80. Let y be 891/(-198)*(-16)/(-12). Determine v(y).
8
Let i(k) = 5*k + 1 + k**2 + 0 - 2*k. Let n = 234 + -226. Suppose 4*p - 4*c + n*c + 12 = 0, 4*c = 4. Calculate i(p).
5
Let q(l) = l**3 - 3*l**2 - 2*l - 4. Let i = 292 - 209. Let a = -80 + i. Calculate q(a).
-10
Let d(r) be the first derivative of -19*r**3/3 - 7*r**2/2 - 5*r + 4256. Calculate d(-1).
-17
Let y = 25784 + -25787. Let b(p) = -p**3 - 5*p**2 - 6*p + 3. Calculate b(y).
3
Let a(s) be the third derivative of 7*s**6/120 + s**5/60 + s**4/4 + 2*s**3/3 - 2198*s**2. Determine a(-1).
-8
Let f(k) = 3*k**2 + 3*k + 4. Let u(l) = -7*l + 5. Let q be u(-3). Suppose 7*j = -q + 12. Determine f(j).
10
Suppose -3*w - 12 = w - 48. Let u(n) = 12*n - 118. What is u(w)?
-10
Let q(z) = z**3 - 15*z**2 + 23*z + 28. Let f = -2493 - -2506. Calculate q(f).
-11
Let j = 13442 - 13451. Let b(x) = -2*x**2 - 20*x - 27. Determine b(j).
-9
Suppose x + 3325 = 6*x. Let t(o) = 665 - x - o. Let p = -50 - -50. Determine t(p).
0
Suppose -4*o - 24 = -5*h, h + 1 - 2 = -3*o. Suppose 2*z = h*j - 2, 4*z = 6*z - j - 4. Let m(f) = f**3 - 4*f**2 + 5*f - 3. What is m(z)?
3
Let h(k) = 31 - 25*k**2 - 16*k + 14*k**2 - 33681*k**3 + 33682*k**3. Calculate h(12).
-17
Let t(z) = -44*z + 41. Let v be t(5). Let d = 177 + v. Let h(x) = 2*x + 4. What is h(d)?
0
Let k(s) be the first derivative of s**4/4 - 26*s**3/3 + 23*s**2/2 + 10*s - 1175. Calculate k(25).
-40
Let y(o) = 4520*o**2 - o - 4521*o**2 - 2 - 2*o. Suppose -5*p + 0 = -25, 35 = -5*t + 3*p. Give y(t).
-6
Suppose -87*n + 48 = -89*n. Let l = -18 - n. Let q(v) = v + 3*v - l*v - 2. Determine q(-3).
4
Let g(c) = c - 7. Let o = 176 + -179. Let l(z) = 2*z + 12. Let v be l(o). Give g(v).
-1
Suppose 7*t = 3*t - i - 16, 5*t + 11 = i. Let m(x) = -5*x**2 - 13*x + 4. Give m(t).
-2
Let v(b) be the second derivative of b**5/20 - b**4/12 + b**3/6 - 7*b**2/2 + 139*b - 5. What is v(2)?
-1
Let x(j) = j**3 + 5*j**2 + 6*j - 5. Suppose 1465*l - 15 = 1470*l. Calculate x(l).
-5
Let x(q) = 3*q**2 - 7*q - 9. Let y = 465 - 466. Let o be x(y). Let m(g) = -g**2 - 1. Give m(o).
-2
Let x(q) be the third derivative of 1/24*q**4 + 1/120*q**6 + 0*q - 1/3*q**3 - 6*q**2 + 0 + 1/15*q**5. Let m(i) = -84*i + 500. Let s be m(6). Give x(s).
-6
Let o(u) = -u**2 + u + 22. Let k be o(5). Let b(d) = 21*d - 14*d - 20*d**2 - 9 - 24*d**k + 43*d**2. Determine b(5).
1
Let b(u) be the second derivative of 0*u**3 + 1/120*u**5 - 7*u + 5/12*u**4 + 0*u**2 - 1/144*u**6 + 0. Let a(o) be the third derivative of b(o). Calculate a(3).
-14
Suppose 287 = 8619*f - 8660*f. Let k(r) = -2*r**2 - 11*r + 7. Give k(f).
-14
Let l = -116 - 210. Let i = 332 + l. Let a(s) = 9 + 2*s - 6*s + 3*s. What is a(i)?
3
Suppose 3*h = -5*m + 19, h + 52*m = 56*m + 12. Let r(j) be the third derivative of j**5/60 - j**4/3 - 4*j**3/3 + 3*j**2. Give r(h).
-8
Suppose 6*l - 8 = l + j, 4*l + 5*j + 11 = 0. Let h be 5/(-4) + l/4. Let p(a) = 13*a + 4*a**2 + 33*a + 10*a - 86*a + 1 + 32*a. What is p(h)?
3
Let x be (3 + -3)/(-5 + -4 + 8). Suppose -o - 87 + 90 = x. Let n(g) = g - 2. Give n(o).
1
Let p(u) be the second derivative of 17/6*u**3 - u - 1/2*u**2 - 31. Determine p(-1).
-18
Let a(v) = 9*v**2 + 4*v - 3. Let z(w) = -2*